/h + 1*-2. Suppose -5*m + 450 = 90. What is the highest common divisor of o and m?
9
Suppose 2*i - 4 = 0, 9 = 2*b + 5*i - 11. Suppose -b*d = 95 - 455. Calculate the greatest common divisor of d and 36.
36
Let k = 18 + -15. Suppose k*s + 4 = 7*s. What is the highest common divisor of 4 and s?
1
Let q(y) = -y. Let t(i) = -18*i. Let n(f) = 5*q(f) - t(f). Let v be n(1). What is the highest common factor of 117 and v?
13
Suppose 0 = -z + 2*z - 29. Suppose -3*y = -2*y - z. Let i = y - 10. Calculate the greatest common factor of i and 38.
19
Let z(m) = -4*m + 1. Let h = 3 - 4. Let b be z(h). Suppose -b*i = -3*i - 4*o - 54, 3*o = -15. What is the greatest common factor of 68 and i?
17
Suppose -d + 113 = 23. What is the greatest common divisor of 36 and d?
18
Let l(h) = -3*h + 2. Let n be l(-2). Let t be 21/5 - (-5)/(-25). Calculate the greatest common factor of t and n.
4
Let i = 2 + 0. Suppose 112 = 2*f + i*f. Calculate the greatest common divisor of f and 42.
14
Let u(m) = -m**2 + 17*m - 44. Let z be u(13). What is the highest common factor of 48 and z?
8
Let f = 192 + -66. Calculate the highest common factor of 14 and f.
14
Suppose 0 = h - 10 - 158. Let s = h + -118. Suppose 5*d = 5*a - 40, 2*d = -a - 1 + 15. Calculate the greatest common factor of a and s.
10
Suppose -5*j = a - 18, 34 = 3*a + 7*j - 2*j. What is the greatest common factor of 56 and a?
8
Let p be (-6)/(-2)*(3 - 2). Calculate the highest common divisor of p and 6.
3
Let d(v) = -4*v + 9. Let h be d(-9). Calculate the highest common factor of h and 5.
5
Suppose 37*o - 54 = 34*o. What is the greatest common factor of o and 162?
18
Suppose 86 = -4*b - 82. Let q be -4*(-3 + b/8). Calculate the greatest common divisor of q and 11.
11
Let j be 0 - (2 - 0/(-1)). Let u be (5/3 + j)*-15. What is the greatest common divisor of u and 25?
5
Let q = -94 - -112. What is the highest common factor of 30 and q?
6
Suppose -y + 20 = -5*r, -r = -2*y + 4*r + 55. What is the greatest common factor of y and 7?
7
Let y = -278 + 453. Suppose -q = 4*q - y. Calculate the highest common factor of q and 5.
5
Suppose 0 = 8*s - 10*s + 112. Let w be 65/10 + (-2)/(-4). What is the highest common divisor of s and w?
7
Suppose 5*v + j - 19 = 0, -4*v - 3*j = -v - 9. Suppose 0*f = -v*f - 172. Let w = f + 169. Calculate the highest common divisor of 18 and w.
18
Let y(q) = -5*q - 6. Let f be y(-3). Calculate the highest common divisor of 36 and f.
9
Let z = 40 + -29. Let b = 1 + z. Suppose 396 = 2*d + d. What is the highest common divisor of b and d?
12
Let g = 32 - -12. Let l = 4 - -1. Suppose 72 = l*r + 17. Calculate the highest common factor of r and g.
11
Suppose 0 = 5*b + v - 15, -2*v + 20 = -0*b + 5*b. Suppose 0 = -a - 1, -4*d = -b*d - 5*a - 35. Calculate the greatest common factor of d and 45.
15
Let i be 2 + -2 - (-2 + -1). Suppose -72 = -6*n + i*n. Let z = 8 + -5. What is the greatest common factor of n and z?
3
Let t(p) be the second derivative of -1/12*p**4 + 0 + 5/2*p**2 - 4*p + 1/6*p**3. Let u be t(0). What is the greatest common divisor of u and 15?
5
Let g(r) = 2*r + 3 + 0*r - r**2 + 2*r**2. Suppose -a + 11 + 12 = -5*y, -5*y - a = 17. Let k be g(y). What is the greatest common factor of 33 and k?
11
Let t(b) = 24*b**2 + 2*b. Let l be t(-1). Let y = -6 + 8. Calculate the greatest common factor of y and l.
2
Let c(b) = b**3 + 4*b**2 + 2*b. Let n be c(-3). Suppose n*z - 24 = -5*t, z + 24 = 3*t - 2*z. Calculate the greatest common factor of 4 and t.
2
Suppose 0 = 4*f - 3*l - 219, f - 3*l - 1 = 56. Let t = -4 + -25. Let s = -11 - t. Calculate the highest common divisor of f and s.
18
Let m be (-34)/(-4) - (-2)/(-4). Suppose 3*x = x + 48. Calculate the greatest common divisor of x and m.
8
Let q = 13 + -10. Suppose -3*k = 5*u - 41, -q*k - 55 = -8*k + 5*u. Calculate the greatest common divisor of k and 8.
4
Suppose 3*z = 4*z. Let a(c) = c**2 + 2*c + 4. Let o be a(z). Calculate the greatest common divisor of o and 28.
4
Let c be (-718)/(-6) + ((-20)/12 - -2). What is the highest common factor of c and 15?
15
Let m = -7 - -7. Suppose -4*k - j + 0*j + 80 = m, -2*j + 13 = k. Calculate the highest common factor of k and 84.
21
Suppose 4*a = 7*a. Suppose -r + 93 = 2*r - 3*g, -r - 5*g + 7 = a. Let b(s) = -s**2 + 5*s - 3. Let v be b(3). Calculate the highest common factor of v and r.
3
Let p = -9 + 16. What is the highest common factor of 63 and p?
7
Let r(g) = g**3 - 18*g**2 + 4*g + 38. Let p be r(18). Calculate the highest common divisor of p and 55.
55
Let a be (-5)/15 - (-74)/6. What is the highest common divisor of 6 and a?
6
Let r be 20/3 + (-4)/6. Let j be (-264)/154*(-63)/2. Calculate the greatest common divisor of r and j.
6
Suppose 0 = 2*p - p + 51. Let q = -36 - p. What is the greatest common divisor of 75 and q?
15
Let z(j) = 5*j + 1. Let m be z(3). Let h be ((-21)/2)/(-3)*m. Calculate the highest common divisor of 8 and h.
8
Let t be 3/(36/110) + (-10)/60. Calculate the highest common divisor of 81 and t.
9
Let h(w) = 14*w - 24. Let t be h(12). Calculate the greatest common divisor of t and 16.
16
Let q(z) = -z**3 + 8*z**2 - 3*z + 2. Let c be q(7). Suppose -2*m + 4*m = c. Let j = 323 - 188. What is the highest common divisor of m and j?
15
Let d(h) = -h**2 - 10*h + 4. Let q be d(-10). Calculate the greatest common divisor of q and 8.
4
Let z be 4*((-18)/(-4) + -3). Calculate the greatest common divisor of z and 6.
6
Let d(q) = -q**3 - 5*q**2 + 5*q - 3. Let v be d(-5). Let i = -12 - v. What is the highest common divisor of i and 8?
8
Let l = -40 + 103. Calculate the greatest common factor of 9 and l.
9
Let c be (-14 + 2)*1/(-2). Calculate the greatest common divisor of c and 4.
2
Suppose 2*j + 2 = 5*g - 9, 2*j = 2*g - 2. Let v be (j - 8)/((-2)/3). Let c be (-4 + 1)*(24/9 - 3). Calculate the greatest common divisor of v and c.
1
Suppose 0 = 4*a - 151 - 57. Calculate the greatest common factor of a and 39.
13
Suppose 5 = -s, -9 = -2*i - 4*s + 11. Let h = i + 30. Calculate the greatest common factor of 20 and h.
10
Let f(n) = -n - 12. Suppose c - 20 = 5*c. Let v be f(c). Let d(t) = -t**2 - 7*t + 3. Let l be d(v). What is the highest common factor of l and 24?
3
Suppose 31 = -2*n + 85. What is the highest common factor of n and 189?
27
Suppose -5*n = -7*n + 34. Let m = n - 3. What is the highest common divisor of m and 126?
14
Let k be ((0 - -3)/(-3))/(-1). What is the greatest common divisor of k and 4?
1
Let w be 3 + (-3)/((-3)/1). What is the greatest common divisor of 4 and w?
4
Suppose 0 = -5*x + 837 + 153. Calculate the greatest common factor of x and 18.
18
Let j be 3/5 - (-46)/(-10). Let h be ((-1)/(-3))/(j/12). Let r be (h + 0)/1 + 26. What is the highest common factor of r and 5?
5
Suppose 6 = 5*f - 124. Suppose -3*r + r = -o - 47, -88 = -3*r - 2*o. What is the highest common divisor of r and f?
26
Suppose 0*h + 132 = 3*h. What is the highest common factor of 110 and h?
22
Let b(v) = v + 40. Let g be b(-13). Calculate the greatest common divisor of g and 216.
27
Let k = 19 + -6. Suppose 2*h + 0*j = -5*j - 24, -j + 6 = -5*h. Let z be (-26)/(h/(1 + 3)). What is the highest common divisor of k and z?
13
Let q(k) = -3*k + 13. Let y(i) = 2*i - 7. Let n(c) = 3*q(c) + 5*y(c). Let t be n(11). What is the greatest common factor of 15 and t?
15
Let k(m) = -m + 7. Let f be k(5). Suppose -2*i = f*i - 56. Calculate the highest common divisor of 35 and i.
7
Suppose -152*o + 154*o = 280. What is the highest common divisor of 56 and o?
28
Let l be 16/6*(-9)/(-6). Let b = -13 - -19. Calculate the greatest common factor of b and l.
2
Let b(l) be the third derivative of -l**5/15 + 3*l**4/8 - l**3/3 - 4*l**2. Let r be b(7). Let q = -78 - r. Calculate the greatest common factor of q and 19.
19
Suppose -176 - 4 = -6*b. What is the greatest common factor of b and 45?
15
Let f(s) = 15*s + 3. Let c be f(2). Let d be (14/6 + -2)*c. What is the highest common factor of d and 44?
11
Suppose -18 = -5*x + 12. What is the highest common factor of x and 9?
3
Let w be (-2)/(-1) - (-301)/7. Calculate the greatest common factor of w and 18.
9
Let p be 2*(-21)/24*(-1 + -83). What is the greatest common factor of 21 and p?
21
Let i(v) = -v**2 + 13*v + 37. Let q be i(15). Let z = -27 - -104. What is the greatest common divisor of z and 